000
What is -13800 (base 9) in base 11?
-7072
Convert -21020 (base 6) to base 12.
-1770
-2124 (base 12) to base 11
-27a9
Convert 31451 (base 9) to base 3.
1001111201
111124 (base 5) to base 7
14261
What is -11104 (base 5) in base 9?
-1055
What is 24320 (base 6) in base 9?
4813
Convert 6810 (base 13) to base 4.
3203103
-6b7 (base 13) to base 4
-102030
What is -646 (base 13) in base 4?
-100300
Convert 11101000111 (base 2) to base 7.
5301
-1110 (base 10) to base 12
-786
22a2 (base 11) to base 8
5710
What is 32130130 (base 4) in base 3?
10000011021
1257 (base 10) to base 11
a43
What is 102210112 (base 3) in base 12?
4b88
Convert -214146 (base 7) to base 12.
-19826
What is 3036 (base 8) in base 5?
22231
What is 201011 (base 5) in base 13?
2b9b
Convert -111110000101110 (base 2) to base 9.
-47542
-4a133 (base 11) to base 7
-420001
6241 (base 10) to base 12
3741
-5 (base 14) to base 4
-11
What is 1d38 (base 14) in base 5?
132332
What is 110102 (base 3) in base 15?
175
3474 (base 10) to base 8
6622
Convert 11110 (base 4) to base 3.
110121
What is 4112 (base 5) in base 16?
214
197b (base 13) to base 10
3820
2764 (base 13) to base 12
3337
What is d7 (base 15) in base 8?
312
-918 (base 10) to base 8
-1626
125 (base 8) to base 5
320
38525 (base 9) to base 3
1022120212
Convert 2778 (base 11) to base 10.
3594
-1002222 (base 3) to base 4
-30221
What is -9c28 (base 13) in base 2?
-101010101001011
Convert -52531 (base 7) to base 3.
-122202221
1182 (base 10) to base 6
5250
101011010 (base 2) to base 8
532
-1011001010110100 (base 2) to base 10
-45748
2031 (base 4) to base 14
a1
What is -14043 (base 6) in base 16?
-88b
What is 18ca2 (base 14) in base 6?
1203010
Convert 697 (base 15) to base 10.
1492
-291 (base 10) to base 6
-1203
Convert -3012 (base 5) to base 16.
-17e
What is -111001101111111 (base 2) in base 15?
-8b62
What is -60611 (base 9) in base 8?
-115666
Convert -106516 (base 7) to base 9.
-28207
What is -1e6d (base 15) in base 7?
-25216
Convert 565 (base 7) to base 11.
246
Convert -1240 (base 7) to base 3.
-122101
Convert -21353 (base 6) to base 15.
-d19
22a8 (base 12) to base 10
3872
-20173 (base 10) to base 6
-233221
What is -33535 (base 9) in base 5?
-1203212
What is -a79 (base 14) in base 12?
-1243
73c (base 15) to base 2
11001100000
20516 (base 7) to base 5
130220
What is 6330 (base 8) in base 9?
4453
Convert 1113212 (base 4) to base 9.
7618
Convert -48085 (base 9) to base 12.
-16735
-2ab5 (base 13) to base 9
-8484
3a10 (base 11) to base 2
1010001011110
Convert -2322 (base 7) to base 5.
-11344
Convert -406 (base 10) to base 16.
-196
What is 24102 (base 7) in base 16?
1851
Convert -128 (base 12) to base 15.
-bb
-1401 (base 11) to base 6
-12224
What is -87 (base 14) in base 12?
-9b
Convert 131110 (base 4) to base 12.
1104
-101111000101010 (base 2) to base 9
-36054
-302a (base 13) to base 16
-19e3
What is 32b8 (base 14) in base 10?
8786
Convert 1202 (base 6) to base 8.
442
13051 (base 6) to base 7
5521
22b2 (base 13) to base 16
130d
Convert 16482 (base 10) to base 7.
66024
What is -4205 (base 6) in base 5?
-12231
Convert -31125 (base 7) to base 6.
-55130
What is -64dd (base 16) in base 13?
-b9a3
13159 (base 13) to base 12
18597
Convert -34c5 (base 13) to base 11.
-5643
-123b8 (base 12) to base 9
-36865
Convert -230101 (base 4) to base 2.
-101100010001
-b5 (base 14) to base 8
-237
Convert -39b4 (base 12) to base 3.
-100002001
b31 (base 15) to base 6
15401
What is 100001101 (base 2) in base 15?
12e
-202102011 (base 3) to base 13
-6a09
What is 1d5 (base 15) in base 9?
522
Convert -100011221 (base 3) to base 13.
-307c
What is -66a2 (base 11) in base 3?
-110002211
Convert -2200121 (base 3) to base 16.
-7a8
-c6a (base 14) to base 3
-10100121
163 (base 14) to base 4
10123
What is 225 (base 11) in base 16?
10d
11001011 (base 2) to base 12
14b
What is 4f23 (base 16) in base 9?
30710
What is -941 (base 14) in base 12?
-1079
-d9 (base 16) to base 4
-3121
Convert -2122 (base 5) to base 14.
-167
What is 102024 (base 5) in base 16?
d3d
Convert 21301 (base 4) to base 5.
10000
What is 3116 (base 8) in base 16?
64e
Convert 54a (base 16) to base 9.
1764
Convert -30b4 (base 12) to base 13.
-2563
Convert -11552 (base 6) to base 5.
-23344
What is -104154 (base 6) in base 5?
-234320
-e55 (base 16) to base 11
-2836
Convert -11010111010 (base 2) to base 8.
-3272
What is -c4d (base 14) in base 2?
-100101110101
Convert -12e8 (base 16) to base 13.
-2284
What is -121131 (base 4) in base 10?
-1629
-2221333 (base 5) to base 13
-14977
-4669 (base 13) to base 15
-2de4
What is 311201 (base 4) in base 11?
2634
130 (base 11) to base 4
2122
What is 614 (base 11) in base 13?
450
-16121 (base 10) to base 13
-7451
Convert -111010110001 (base 2) to base 8.
-7261
Convert -26922 (base 13) to base 5.
-4244403
2e3b (base 15) to base 3
111122202
What is 4526 (base 8) in base 13?
111b
What is -10020121 (base 3) in base 7?
-6616
-5366 (base 12) to base 3
-110112220
5ab (base 14) to base 7
3204
4141 (base 5) to base 14
2b0
Convert 21582 (base 10) to base 13.
9a92
-21515 (base 6) to base 12
-189b
-224a (base 13) to base 10
-4794
10010111000111 (base 2) to base 9
14235
What is a6a (base 12) in base 8?
2762
What is -2654 (base 12) in base 16?
-1120
4e7 (base 16) to base 10
1255
121230 (base 4) to base 15
749
What is -3511 (base 7) in base 11?
-a66
What is -105 (base 10) in base 15?
-70
What is -10035 (base 7) in base 15?
-abc
What is -3874 (base 9) in base 4?
-231112
Convert -2626 (base 7) to base 16.
-3e8
Convert -44312 (base 6) to base 3.
-22110022
3a34 (base 16) to base 5
434100
Convert -2299 (base 12) to base 2.
-111100010101
21021 (base 5) to base 11
1050
Convert 8ac1 (base 13) to base 16.
4bdf
What is a49a (base 12) in base 6?
215114
What is 97b (base 12) in base 3?
1220112
Convert 110 (base 9) to base 8.
132
Convert -876 (base 9) to base 4.
-23031
-2066 (base 7) to base 10
-734
Convert -b492 (base 14) to base 9.
-46581
Convert 1010010101 (base 2) to base 14.
353
9473 (base 10) to base 9
13885
-3933 (base 10) to base 7
-14316
372c (base 13) to base 2
1111010000100
-23143 (base 6) to base 7
-12426
Convert -220411 (base 6) to base 16.
-4777
What is 1101011001 (base 2) in base 11?
70a
Convert -10020002021 (base 3) to base 7.
-353041
-b45 (base 12) to base 11
-1259
Convert 32422 (base 6) to base 11.
3401
What is 10000001 (base 2) in base 4?
2001
What is -2a431 (base 12) in base 4?
-32133211
Convert -10010010011101 (base 2) to base 12.
-5511
4869 (base 11) to base 8
14337
What is -123123 (base 4) in base 6?
-12043
-112 (base 10) to base 6
-304
-fcb7 (base 16) to base 2
-1111110010110111
What is 147750 (base 9) in base 4?
112032000
4443 (base 5) to base 3
212002
What is -590b (base 12) in base 2?
-10011011011011
What is 23200 (base 4) in base 7?
2101
-2b317 (base 12) to base 11
-41862
-7276 (base 14) to base 10
-19704
What is -34531 (base 8) in base 14?
-54c9
-3613 (base 7) to base 16
-535
Convert -1201210 (base 3) to base 16.
-4ef
1210120 (base 3) to base 13
79b
What is 1513 (base 7) in base 3?
211011
Convert -5726 (base 8) to base 7.
-11556
dd (base 15) to base 11
17a
What is -1a72 (base 12) in base 11?
-2499
Convert 300200 (base 4) to base 14.
11ba
What is 1034 (base 7) in base 11?
305
What is 41515 (base 6) in base 12?
329b
Convert 186 (base 16) to base 13.
240
Convert 3452 (base 6) to base 10.
824
Convert -4555 (base 7) to base 16.
-679
Convert -2121212212 (base 3) to base 12.
-25aa2
What is 33030 (base 4) in base 7?
2556
c38 (base 15) to base 14
1009
Convert 221 (base 13) to base 7.
1031
-982 (base 12) to base 15
-62e
1016 (base 13) to base 7
6314
What is -2433002 (base 5) in base 10?
-46002
451 (base 12) to base 14
337
What is -30316 (base 7) in base 15?
-22ad
-11000000010000 (base 2) to base 4
-3000100
What is -213 (base 9) in base 16?
-ae
What is 145244 (base 7) in base 6?
334452
What is 2374 (base 14) in base 6?
44334
-302413 (base 5) to base 9
-14314
What is -304 (base 10) in base 3?
-102021
-15256 (base 9) to base 4
-2202303
What is 11022 (base 4) in base 15?
170
What is 1071 (base 12) in base 9?
2434
121031 (base 4) to base 11
1237
Convert -3a71 (base 12) to base 7.
-25363
Convert 1002002000 (base 3) to base 12.
10323
What is -10462 (base 7) in base 2?
-101001010001
Convert -13a (base 